{"id":1370,"date":"2025-04-03T07:14:33","date_gmt":"2025-04-03T07:14:33","guid":{"rendered":"https:\/\/sportmentalcoachgianni.ch\/?page_id=1370"},"modified":"2025-04-14T05:48:20","modified_gmt":"2025-04-14T05:48:20","slug":"unternehmen-vereine-und-mitarbeiter-staerken","status":"publish","type":"page","link":"https:\/\/sportmentalcoachgianni.ch\/?page_id=1370","title":{"rendered":"Unternehmen, Vereine und Mitarbeiter st\u00e4rken"},"content":{"rendered":"\n<p><strong>\u201eMentale St\u00e4rke, Vertrauen und Teamgeist \u2013 was Spitzensportler t\u00e4glich leben, kann auch in Unternehmen Grosses bewegen.\u201c<\/strong><\/p>\n\n\n\n<p>Meine Wurzeln liegen im Spitzensport. Dort z\u00e4hlt, was sich langfristig bew\u00e4hrt \u2013 unter Druck, im Team, im st\u00e4ndigen Wandel. Die Themen, mit denen sich Athlet:innen, Trainer und F\u00fchrungspersonen im Sport auseinandersetzen, sind dieselben wie in der Gesch\u00e4ftswelt: <strong>Kommunikation, Vertrauen, Motivation, mentale St\u00e4rke<\/strong>. Ich \u00fcbertrage diese Prinzipien mit passenden Beispielen in den Unternehmenskontext \u2013 praxisnah, emotional und mit Begeisterung.<\/p>\n\n\n\n<p>Mein Ziel ist es, Menschen zu inspirieren \u2013 nicht mit leeren Floskeln, sondern mit fundierten Inhalten und echten Impulsen f\u00fcr den Arbeitsalltag. Ich helfe dabei, Blickwinkel zu ver\u00e4ndern, Denkprozesse in Gang zu bringen und nachhaltige mentale Ver\u00e4nderungen anzustossen.<\/p>\n\n\n\n<p>Ich bin \u00fcberzeugt: Mitarbeitende k\u00f6nnen ihr volles Potenzial nur entfalten, wenn sie sich gesehen, verstanden und eingebunden f\u00fchlen. Wer sich getragen f\u00fchlt, ist bereit, Verantwortung zu \u00fcbernehmen \u2013 nicht nur zu fordern, sondern mitzugestalten.<\/p>\n\n\n\n<p>Deshalb ist Unternehmensentwicklung f\u00fcr mich immer auch Pers\u00f6nlichkeitsentwicklung. Denn nur starke Pers\u00f6nlichkeiten bringen starke Ergebnisse \u2013 und diese machen ein Unternehmen langfristig erfolgreich.<\/p>\n\n\n\n<p class=\"has-text-align-center\"><em>Preise nach Vereinbarung<\/em><\/p>\n\n\n\n<div style=\"height:100px\" aria-hidden=\"true\" class=\"wp-block-spacer\"><\/div>\n\n\n\n<div style=\"height:100px\" aria-hidden=\"true\" class=\"wp-block-spacer\"><\/div>\n\n\n\n<div style=\"height:100px\" aria-hidden=\"true\" class=\"wp-block-spacer\"><\/div>\n","protected":false},"excerpt":{"rendered":"<p>\u201eMentale St\u00e4rke, Vertrauen und Teamgeist \u2013 was Spitzensportler t\u00e4glich leben, kann auch in Unternehmen Grosses bewegen.\u201c Meine Wurzeln liegen im Spitzensport. Dort [&hellip;]<\/p>\n","protected":false},"author":1,"featured_media":0,"parent":0,"menu_order":0,"comment_status":"closed","ping_status":"closed","template":"","meta":{"_eb_attr":"","_uag_custom_page_level_css":"","_themeisle_gutenberg_block_has_review":false,"footnotes":""},"class_list":["post-1370","page","type-page","status-publish","hentry"],"uagb_featured_image_src":{"full":false,"thumbnail":false,"medium":false,"medium_large":false,"large":false,"1536x1536":false,"2048x2048":false,"sydney-large-thumb":false,"sydney-medium-thumb":false,"sydney-small-thumb":false,"sydney-service-thumb":false,"sydney-mas-thumb":false},"uagb_author_info":{"display_name":"sportmentalcoachgianni","author_link":"https:\/\/sportmentalcoachgianni.ch\/?author=1"},"uagb_comment_info":0,"uagb_excerpt":"\u201eMentale St\u00e4rke, Vertrauen und Teamgeist \u2013 was Spitzensportler t\u00e4glich leben, kann auch in Unternehmen Grosses bewegen.\u201c Meine Wurzeln liegen im Spitzensport. Dort [&hellip;]","_links":{"self":[{"href":"https:\/\/sportmentalcoachgianni.ch\/index.php?rest_route=\/wp\/v2\/pages\/1370","targetHints":{"allow":["GET"]}}],"collection":[{"href":"https:\/\/sportmentalcoachgianni.ch\/index.php?rest_route=\/wp\/v2\/pages"}],"about":[{"href":"https:\/\/sportmentalcoachgianni.ch\/index.php?rest_route=\/wp\/v2\/types\/page"}],"author":[{"embeddable":true,"href":"https:\/\/sportmentalcoachgianni.ch\/index.php?rest_route=\/wp\/v2\/users\/1"}],"replies":[{"embeddable":true,"href":"https:\/\/sportmentalcoachgianni.ch\/index.php?rest_route=%2Fwp%2Fv2%2Fcomments&post=1370"}],"version-history":[{"count":5,"href":"https:\/\/sportmentalcoachgianni.ch\/index.php?rest_route=\/wp\/v2\/pages\/1370\/revisions"}],"predecessor-version":[{"id":1489,"href":"https:\/\/sportmentalcoachgianni.ch\/index.php?rest_route=\/wp\/v2\/pages\/1370\/revisions\/1489"}],"wp:attachment":[{"href":"https:\/\/sportmentalcoachgianni.ch\/index.php?rest_route=%2Fwp%2Fv2%2Fmedia&parent=1370"}],"curies":[{"name":"wp","href":"https:\/\/api.w.org\/{rel}","templated":true}]}}