{"id":1360,"date":"2025-04-03T07:13:27","date_gmt":"2025-04-03T07:13:27","guid":{"rendered":"https:\/\/sportmentalcoachgianni.ch\/?page_id=1360"},"modified":"2025-06-05T18:04:50","modified_gmt":"2025-06-05T18:04:50","slug":"mentaltraining-coaching-fuer-jugendliche","status":"publish","type":"page","link":"https:\/\/sportmentalcoachgianni.ch\/?page_id=1360","title":{"rendered":"Mentaltraining &amp; Coaching f\u00fcr Jugendliche"},"content":{"rendered":"\n<div class=\"wp-block-columns is-layout-flex wp-container-core-columns-is-layout-28f84493 wp-block-columns-is-layout-flex\">\n<div class=\"wp-block-column is-layout-flow wp-block-column-is-layout-flow\"><\/div>\n\n\n\n<div class=\"wp-block-column is-layout-flow wp-block-column-is-layout-flow\">\n<p><br><br>In einer Welt voller Herausforderungen ist es hilfreich, wenn du als Jugendliche:r deine inneren St\u00e4rken und F\u00e4higkeiten erkennst und nutzt. Das Jugend Coaching ist speziell darauf ausgerichtet, dich auf deinem pers\u00f6nlichen, schulischen und beruflichen Weg zu unterst\u00fctzen.<\/p>\n<\/div>\n<\/div>\n\n\n\n<div class=\"wp-block-columns is-layout-flex wp-container-core-columns-is-layout-28f84493 wp-block-columns-is-layout-flex\">\n<div class=\"wp-block-column is-layout-flow wp-block-column-is-layout-flow\" style=\"flex-basis:66.66%\">\n<h1 class=\"wp-block-heading\"><strong>Individuell und L\u00f6sungsorientiert<\/strong><\/h1>\n\n\n\n<p>Jede:r Jugendliche:r ist einzigartig, ein individuum \u2013 und genau so ist auch mein Ansatz. Ich biete nur individuelle Begleitungen, die genau auf deine Bed\u00fcrfnisse abgestimmt sind. Dabei konzentriere ich mich darauf, dass du die L\u00f6sungen findest. Das Ziel ist es, deine Selbst\u00e4ndigkeit, deine Achtsamkeit und deine pers\u00f6nlichen Kompetenzen zu f\u00f6rdern.<\/p>\n<\/div>\n\n\n\n<div class=\"wp-block-column is-layout-flow wp-block-column-is-layout-flow\" style=\"flex-basis:33.33%\"><\/div>\n<\/div>\n\n\n\n<p><strong>Der Prozess ist klar und zielorientiert: Definiere Dein Ziel, erarbeite Deine L\u00f6sung, mache den Transfer &#8211; let&#8217;s go<\/strong><\/p>\n\n\n\n<div class=\"wp-block-columns is-layout-flex wp-container-core-columns-is-layout-28f84493 wp-block-columns-is-layout-flex\">\n<div class=\"wp-block-column is-layout-flow wp-block-column-is-layout-flow\">\n<p><strong>1. Zieldefinition:<\/strong> Gemeinsam halten wir fest, was du ver\u00e4ndern m\u00f6chtest \u2013 sei es in der Schule, in der Ausbildung oder in deiner pers\u00f6nlichen Entwicklung.<\/p>\n<\/div>\n\n\n\n<div class=\"wp-block-column is-layout-flow wp-block-column-is-layout-flow\">\n<p><strong>2. L\u00f6sungserarbeitung:<\/strong> Wir entwickeln Strategien und Techniken, die dir helfen, deine Ziele zu verfolgen.<\/p>\n<\/div>\n\n\n\n<div class=\"wp-block-column is-layout-flow wp-block-column-is-layout-flow\">\n<p><strong>3. Transfer:<\/strong> Wir pr\u00fcfen, dass du deine neuen Strategien in deinen Alltag integrieren und ausprobieren kannst.<\/p>\n<\/div>\n<\/div>\n\n\n\n<p class=\"has-text-align-center\"><\/p>\n\n\n\n<p><\/p>\n","protected":false},"excerpt":{"rendered":"<p>In einer Welt voller Herausforderungen ist es hilfreich, wenn du als Jugendliche:r deine inneren St\u00e4rken und F\u00e4higkeiten erkennst und nutzt. Das Jugend [&hellip;]<\/p>\n","protected":false},"author":1,"featured_media":0,"parent":0,"menu_order":0,"comment_status":"closed","ping_status":"closed","template":"","meta":{"_eb_attr":"","_uag_custom_page_level_css":"","_themeisle_gutenberg_block_has_review":false,"footnotes":""},"class_list":["post-1360","page","type-page","status-publish","hentry"],"uagb_featured_image_src":{"full":false,"thumbnail":false,"medium":false,"medium_large":false,"large":false,"1536x1536":false,"2048x2048":false,"sydney-large-thumb":false,"sydney-medium-thumb":false,"sydney-small-thumb":false,"sydney-service-thumb":false,"sydney-mas-thumb":false},"uagb_author_info":{"display_name":"sportmentalcoachgianni","author_link":"https:\/\/sportmentalcoachgianni.ch\/?author=1"},"uagb_comment_info":0,"uagb_excerpt":"In einer Welt voller Herausforderungen ist es hilfreich, wenn du als Jugendliche:r deine inneren St\u00e4rken und F\u00e4higkeiten erkennst und nutzt. Das Jugend [&hellip;]","_links":{"self":[{"href":"https:\/\/sportmentalcoachgianni.ch\/index.php?rest_route=\/wp\/v2\/pages\/1360","targetHints":{"allow":["GET"]}}],"collection":[{"href":"https:\/\/sportmentalcoachgianni.ch\/index.php?rest_route=\/wp\/v2\/pages"}],"about":[{"href":"https:\/\/sportmentalcoachgianni.ch\/index.php?rest_route=\/wp\/v2\/types\/page"}],"author":[{"embeddable":true,"href":"https:\/\/sportmentalcoachgianni.ch\/index.php?rest_route=\/wp\/v2\/users\/1"}],"replies":[{"embeddable":true,"href":"https:\/\/sportmentalcoachgianni.ch\/index.php?rest_route=%2Fwp%2Fv2%2Fcomments&post=1360"}],"version-history":[{"count":5,"href":"https:\/\/sportmentalcoachgianni.ch\/index.php?rest_route=\/wp\/v2\/pages\/1360\/revisions"}],"predecessor-version":[{"id":1542,"href":"https:\/\/sportmentalcoachgianni.ch\/index.php?rest_route=\/wp\/v2\/pages\/1360\/revisions\/1542"}],"wp:attachment":[{"href":"https:\/\/sportmentalcoachgianni.ch\/index.php?rest_route=%2Fwp%2Fv2%2Fmedia&parent=1360"}],"curies":[{"name":"wp","href":"https:\/\/api.w.org\/{rel}","templated":true}]}}